iple of 9?
False
Is 9 a factor of 65478?
False
Does 283 divide 288332?
False
Is 1388942 a multiple of 666?
False
Is 525850 a multiple of 26?
True
Does 54 divide 557578?
False
Is 301 a factor of 1377075?
True
Is 15 a factor of 7388494?
False
Is 1623245 a multiple of 82?
False
Does 54 divide 203348?
False
Is 54 a factor of 9136664?
False
Is 57 a factor of 58254?
True
Is 790492 a multiple of 153?
False
Is 1632670 a multiple of 19?
True
Is 5 a factor of 11638418?
False
Is 24900 a multiple of 139?
False
Is 437 a factor of 556230?
False
Is 9 a factor of 9072?
True
Does 338 divide 278850?
True
Is 17 a factor of 1963262?
True
Does 10 divide 1328497?
False
Is 74595 a multiple of 35?
False
Is 6073961 a multiple of 6?
False
Does 67 divide 3204744?
True
Does 21 divide 700885?
False
Is 939 a factor of 3752244?
True
Does 21 divide 1880340?
True
Is 677434 a multiple of 4?
False
Does 405 divide 4437?
False
Does 96 divide 13867808?
False
Does 3 divide 405462?
True
Does 12 divide 96464?
False
Is 5358171 a multiple of 91?
True
Does 494 divide 10027107?
False
Is 151750 a multiple of 22?
False
Does 44 divide 109868?
True
Does 15 divide 11482365?
True
Is 3765216 a multiple of 78?
True
Is 59 a factor of 1215282?
True
Is 2388190 a multiple of 7?
True
Does 25 divide 216050?
True
Is 767858 a multiple of 182?
True
Does 27 divide 365060?
False
Is 2829256 a multiple of 9?
False
Is 1741368 a multiple of 535?
False
Is 51 a factor of 114138?
True
Is 832 a factor of 6571987?
False
Is 218052 a multiple of 13?
False
Is 18069610 a multiple of 65?
True
Does 66 divide 5792028?
True
Is 19583 a multiple of 28?
False
Is 4532070 a multiple of 38?
True
Is 11664 a multiple of 81?
True
Is 105 a factor of 3475373?
False
Is 20 a factor of 279854?
False
Is 8 a factor of 73695?
False
Is 66 a factor of 82500?
True
Is 22 a factor of 256674?
True
Does 89 divide 225921?
False
Is 114 a factor of 533634?
True
Is 59 a factor of 641861?
True
Does 8 divide 111184?
True
Does 3 divide 509485?
False
Is 34587520 a multiple of 160?
True
Is 6 a factor of 247278?
True
Is 470104 a multiple of 3?
False
Does 19 divide 593826?
True
Is 27199736 a multiple of 42?
False
Is 52910 a multiple of 39?
False
Does 16 divide 3315552?
True
Does 28 divide 305788?
True
Is 2107540 a multiple of 408?
False
Does 193 divide 5307693?
True
Does 38 divide 1550552?
True
Does 145 divide 3781020?
True
Is 77 a factor of 378713?
False
Does 7 divide 93953?
False
Does 80 divide 3944626?
False
Is 266 a multiple of 20?
False
Is 54 a factor of 1634688?
True
Is 889020 a multiple of 11?
True
Is 20 a factor of 94160?
True
Is 8459850 a multiple of 98?
True
Is 331840 a multiple of 340?
True
Is 479274 a multiple of 151?
True
Is 5 a factor of 80215?
True
Does 22 divide 633930?
True
Is 577 a factor of 541915?
False
Is 295 a factor of 81946?
False
Does 1111 divide 13857503?
True
Does 425 divide 1413788?
False
Is 4 a factor of 13765072?
True
Does 443 divide 2036164?
False
Does 1517 divide 17147092?
False
Is 16 a factor of 5771702?
False
Does 11 divide 6379989?
True
Does 441 divide 132741?
True
Is 24 a factor of 133344?
True
Is 1368520 a multiple of 5?
True
Is 927 a factor of 2873700?
True
Does 21 divide 677796?
True
Is 10507988 a multiple of 383?
True
Is 19170 a multiple of 30?
True
Does 279 divide 45464?
False
Does 204 divide 1412700?
True
Is 145 a factor of 60043?
False
Does 240 divide 57158?
False
Is 4752686 a multiple of 124?
False
Does 44 divide 586212?
True
Does 697 divide 4375766?
True
Is 21 a factor of 346017?
True
Does 46 divide 887616?
True
Is 4627226 a multiple of 34?
False
Is 41784 a multiple of 24?
True
Is 1929800 a multiple of 1243?
False
Is 139416 a multiple of 51?
False
Is 96 a factor of 3171360?
True
Is 7 a factor of 5527249?
True
Is 116 a factor of 270280?
True
Is 1817 a multiple of 79?
True
Is 629288 a multiple of 44?
True
Does 52 divide 11648?
True
Is 192 a factor of 3595046?
False
Does 37 divide 860186?
False
Does 62 divide 20818670?
True
Does 161 divide 98482?
False
Does 66 divide 203808?
True
Is 779328 a multiple of 82?
True
Does 42 divide 341809?
False
Does 3 divide 2374167?
True
Is 111114 a multiple of 75?
False
Does 266 divide 589988?
True
Is 4302499 a multiple of 18?
False
Is 518 a factor of 638176?
True
Is 6 a factor of 169604?
False
Is 706777 a multiple of 187?
False
Is 12 a factor of 4992?
True
Does 11 divide 136576?
True
Is 526675 a multiple of 7?
False
Does 50 divide 1757195?
False
Is 1833400 a multiple of 7?
False
Is 99411 a multiple of 95?
False
Does 133 divide 35555?
False
Is 14 a factor of 20915?
False
Is 434891 a multiple of 47?
True
Is 449 a factor of 256379?
True
Does 5 divide 4875?
True
Is 94 a factor of 302425?
False
Is 105 a factor of 226800?
True
Does 9 divide 50089?
False
Does 12 divide 50376?
True
Is 36810 a multiple of 30?
True
Is 92 a factor of 7503336?
True
Does 6 divide 10043068?
False
Is 30169610 a multiple of 26?
False
Does 707 divide 502970?
False
Does 2 divide 1967681?
False
Is 2293893 a multiple of 1113?
True
Is 23452 a multiple of 20?
False
Is 266951 a multiple of 110?
False
Is 5 a factor of 7058?
False
Does 331 divide 1718586?
False
Is 6821399 a multiple of 970?
False
Is 632 a factor of 2694203?
False
Is 226 a factor of 6450492?
True
Is 12648870 a multiple of 741?
True
Is 49 a factor of 43487?
False
Is 60 a factor of 518580?
True
Is 2 a factor of 1118103?
False
Is 1351 a multiple of 7?
True
Is 533722 a multiple of 10?
False
Does 25 divide 26626450?
True
Is 758420 a multiple of 46?
False
Is 509 a factor of 6108?
True
Is 172 a factor of 570439?
False
Is 46 a factor of 2988436?
True
Is 31 a factor of 22761905?
True
Is 5 a factor of 521358?
False
Is 24 a factor of 431144?
False
Is 1404540 a multiple of 255?
True
Does 1345 divide 584854?
False
Does 15 divide 66270?
True
Does 25 divide 1027231?
False
Does 41 divide 1265670?
True
Does 133 divide 2498272?
True
Is 2073623 a multiple of 422?
False
Does 187 divide 861588?
False
Is 893532 a multiple of 76?
True
Does 33 divide 189453?
True
Is 1441230 a multiple of 423?
False
Is 1360216 a multiple of 88?
True
Is 32 a factor of 95040?
True
Is 13 a factor of 219999?
True
Is 3051540 a multiple of 540?
True
Is 84 a factor of 3351096?
True
Does 20 divide 79824?
False
Does 19 divide 335978?
False
Is 65 a factor of 192400?
True
Is 15 a factor of 79155?
True
Does 270 divide 223560?
True
Does 14 divide 201642?
True
Is 6 a factor of 449906?
False
Does 2 divide 3245198?
True
Does 28 divide 691313?
False
Is 64 a factor of 10686016?
True
Is 6505968 a multiple of 272?
True
Does 10 divide 3182450?
True
Is 107 a factor of 138137?
True
Is 2366497 a multiple of 568?
False
Is 22626 a multiple of 18?
True
Is 4459359 a multiple of 17?
False
Does 47 divide 2629?
False
Does 33 divide 433448?
False
Is 3729554 a multiple of 1571?
True
Is 56 a factor of 3035480?
True
Does 112 divide 1157898?
False
Is 662391 a multiple of 17?
False
Is 10680340 a multiple of 44?
True
Is 401 a factor of 6257481?
False
Is 23 a factor of 17259562?
False
Is 24640 a multiple of 154?
True
Is 3726 a multiple of 9?
True
Is 169 a factor of 6513048?
False
Does 447 divide 9346109?
False
Does 21 divide 24250?
False
Is 302260 a multiple of 595?
True
Is 5469736 a multiple of 8?
True
Is 15306750 a multiple of 30?
True
Does 12 divide 540036?
True
Is 24 a factor of 866?
False
Does 719 divide 2578401?
False
Is 67 a factor of 1723575?
True
Is 599756 a multiple of 279?
False
Does 92 divide 130548?
True
Is 8390160 a multiple of 15?
True
Is 1015324 a multiple of 302?
True
Is 454231 a multiple of 192?
False
Is 144 a multiple of 48?
True
Is 59 a factor of 3545819?
False
Does 256 divide 446264?
False
Is 45613 a multiple of 5?
False
Is 17 a factor of 239883?
False
Is 396509 a multiple of 2?
False
Is 4290377 a multiple of 534?
False
Does 5 divide 1312793?
False
Is 15 a factor of 9632914?
False
Does 187 divide 45922?
False
Is 391 a factor of 7478494?
False
Does 13 divide 31902?
True
Is 60 a factor of 1878360?
True
Does 268 divide 2145608?
True
Does 52 divide 50271?
False
Does 29 divide 67563?
False
Is 34 a factor of 496876?
True
Does 10 divide 843887?
False
Does 631 divide 1373687?
True
Is 182917 a multiple of 100?
False
Does 70 divide 206050?
False
Does 5 divide 102525?
True
Is 1121136 a multiple of 12?
True
Does 2 divide 634